5*d**4/12 + 43*d**3/6 - d**2 - 203*d - 1. Determine a(7).
-27
Let u = 3556 - 3576. Let v(h) = 2*h + 32. Give v(u).
-8
Let p(d) = 2*d. Let q(n) = -n - 13. Let y(m) = -m - 2. Let s(x) = q(x) - 4*y(x). Let v(g) = 2*p(g) - s(g). Give v(-5).
0
Let r(d) = d - 27. Let s be r(29). Let l(k) = 5 + 8*k**2 + 3*k - 2*k**2 - 7*k**s + 2*k**2. Calculate l(-4).
9
Let v(w) = 3*w**2 + 4*w**3 + 0*w**2 - 5*w**3 - 2*w - 2 - w**2. Let f(j) = 3*j - 119. Let q be f(40). Suppose 2*o - 1 = p + q, 2*p = -4*o + 12. Give v(o).
-6
Let k(b) = -b**3 - 9*b**2 - 8*b - 3. Let a = -32 + 76. Let v = 25304 - 25331. Let s be a/(-6) - (2 + 36/v). Give k(s).
-3
Suppose 2*j + 2*g = 20, -3*j + g = -0*j - 14. Let q(u) = -8*u - 78. Let p(a) = -3*a - 34. Let i(w) = -14*p(w) + 6*q(w). Give i(j).
-28
Let j(t) = t**3 + 4*t**2 + 7. Let r be j(-5). Let p(h) = 59*h**2 - 13*h + 41. Let f(a) = -98*a**2 + 27*a - 81. Let l(i) = 3*f(i) + 5*p(i). Determine l(r).
-2
Let h(d) = -d**3 + 6*d**2 - 3*d + 6. Let x(n) = -n**3 - 69*n**2 + 67*n - 207. Let w be x(-70). Calculate h(w).
24
Let b(j) = -603 + 276 + 8*j + 343. Calculate b(-5).
-24
Suppose 4*d - 62 = -30. Suppose -52 = -d*k + 4. Let z(x) = -x**2 + 3*x + 10. Give z(k).
-18
Let b(u) be the second derivative of 1/15*u**6 - 1/24*u**4 + 11*u + 0 - 1/6*u**3 + 1/60*u**5 + 4*u**2. Let y(c) be the first derivative of b(c). Give y(-1).
-7
Let c(t) = -1 - 44*t - 44*t + 84*t. Let b(y) = -y - 1. Let u(j) = 5*b(j) - c(j). Give u(-9).
5
Let m(z) = -51*z - z**3 + 71*z + 13*z**2 - 22 + 10 - 6*z**2. What is m(9)?
6
Let s(n) be the first derivative of 5*n**3/3 + 33*n**2/2 - 9*n - 19. Let c be s(-7). Let u(x) = x**2 - 4*x - 2. Give u(c).
3
Let d = -1 + 6. Let m(j) be the second derivative of -2*j**2 + 1/20*j**5 - 1/2*j**4 + 4/3*j**3 + 15*j + 7. What is m(d)?
11
Suppose -d + 9 = -4*y - 32, -6*y - 36 = 0. Let s(v) = 2*v - 52. Give s(d).
-18
Let u(a) = 27*a - 363. Let r be u(13). Let z be r*3/6*-1. Let p(b) = b - 8. Determine p(z).
-2
Let f(r) = -2*r**2 + 9*r - 14. Let z be (4488/(-297))/(-68) + (-79)/(-9). Calculate f(z).
-95
Let s(g) be the third derivative of -g**5/60 + g**4/24 + g**3/3 + 2281*g**2. What is s(-6)?
-40
Let l(b) be the second derivative of 9*b**3/2 - 196*b**2 - 2266*b. Give l(14).
-14
Let c(y) be the third derivative of -y**6/120 + y**5/6 + y**4/12 - y**3 + 35*y**2 + 2*y. What is c(10)?
14
Let t(k) = -k**3 + 25*k**2 + 37*k - 1468. Let g be t(24). Let f(b) = 3*b**2 - 2*b**2 - 2*b**2 - 13 - 8*b. Calculate f(g).
3
Suppose y - w = 4 + 16, y - 8 = -w. Let t(q) = -3*q + 33. Determine t(y).
-9
Let s(d) = -3*d - 1. Suppose -861 - 279 = -3*r. Let m = r + -382. Determine s(m).
5
Let t(n) = -n**3 - n**2 + 5*n - 1. Let m(g) = g**3 - 2*g**2 - 4*g + 1. Let j(d) = 4*m(d) + 3*t(d). Let s = 57 - 46. Give j(s).
-10
Let w(m) = m**2 + 2*m + 3. Suppose 3*y + 2*g - 22 = 0, 7*y - 32 = 5*y + 3*g. Suppose -h - y = 4*r, -3 = 4*r - 5*h - 5. What is w(r)?
3
Let q(h) = h**2. Let w(v) = 2*v + 3. Let u = 100 - 102. Let y be w(u). Give q(y).
1
Let q(a) = -3*a**2 + a**3 + a + 39 - a**2 + 5*a**2 - 2*a**3. Let y(n) = 3164*n + 12656. Let b be y(-4). Calculate q(b).
39
Let b(j) = j**3 + 2*j**2 - 9*j - 12. Let y be b(6). Let l = y + -214. Let d(a) = a - 6. What is d(l)?
2
Let z(d) = d**3 + 4*d**2 - 6*d - 5. Let v = 3 - -1. Suppose 2*h = -4*y - 20, 0 = 4*y - 3*y + v*h - 2. Let g be (2 + y)/(-4) + -6. Determine z(g).
0
Suppose -t - 2*m = 8, -2*t = -0*t + 5*m + 20. Suppose 0 = -y + 8 - t. Let d(x) = x**2 - 9*x + 9. What is d(y)?
1
Suppose 18*y - 3*y = 10*y - 30. Let g(x) be the first derivative of x**3/3 + 5*x**2/2 + 2*x - 2. Calculate g(y).
8
Let y(f) = 2*f**3 + 11*f**2 - f + 567. Let d(t) = 3*t**3 + 10*t**2 + 486. Let a(s) = 7*d(s) - 6*y(s). What is a(-2)?
-68
Let b = -581 + 581. Let g(l) = 1 + 0 + 2*l**2 - 4 + b*l**2. Determine g(-3).
15
Let j(a) = a**3 - 13*a**2 - 110*a + 1344. Let t be j(14). Let m(q) be the second derivative of 3/2*q**3 - 1/2*q**2 + t + 32*q. Calculate m(-1).
-10
Let x(i) be the second derivative of 11*i**5/20 - i**4/4 + i**3/6 - i**2/2 + 88*i + 9. Calculate x(2).
77
Let n(b) = 7*b**2 + 17*b - 22. Let v(d) = -4*d**2 - 9*d + 15. Let r(p) = 5*n(p) + 9*v(p). Calculate r(-3).
4
Suppose -17*c + 2 = -13*c + x, -3*c + 30 = -4*x. Let t(g) = -g**3 + 4*g**2 + 2. Determine t(c).
10
Let k(g) = g**3 + 6*g**2 + 3*g - 2. Let s = -910 - -1064. Let w be (1/1 - 3)*(s - 152). Calculate k(w).
18
Let q(t) = -6*t - 4. Let v(g) = g - 4. Let n(o) = o - 5. Let u(c) = -5*n(c) + 6*v(c). Let y(j) = 2*q(j) + 10*u(j). Give y(2).
-2
Suppose 10*g - 477 = -537. Let d(c) be the first derivative of -c**4/2 - 11*c**3/3 + 5*c**2/2 - 2*c - 13. Calculate d(g).
4
Let h(x) be the first derivative of x**5/60 - 7*x**4/24 + 7*x**3/6 - 3*x**2/2 - 61*x + 23. Let n(i) be the second derivative of h(i). What is n(3)?
-5
Let w(m) = -2*m**3 - m**2 - 6*m**3 - 14*m**3 - m + 5*m**3 + 0*m. Let d be (-41)/(-4) + 1/(-4). Let c = d - 11. Determine w(c).
17
Let x(v) = -v**2 - 8*v + 5. Suppose -2*f = 42*f - 264. Determine x(f).
-79
Let w(n) = 4*n**3 - 3*n**2 + n. Let r(i) = 4*i - 6 - 3*i**2 - 21*i + 0 + 42*i. Let m be r(8). Calculate w(m).
22
Let m(d) be the first derivative of -1/3*d**3 + d + 30 - 2*d**2. Give m(-3).
4
Suppose 5*k - 10 = 5*z, -5*k - 6*z = -9*z - 16. Let r(u) be the third derivative of u**5/30 - 5*u**4/24 - 7*u**3/6 - u**2. Calculate r(k).
18
Let g(b) = -235*b**3 - 27*b**2 + 179*b - 26. Let k(u) = -176*u**3 - 27*u**2 + 180*u - 26. Let s(c) = -3*g(c) + 4*k(c). Calculate s(13).
-13
Let c be ((-35)/28)/(-5) + 391/4. Let x = c - 76. Let n(w) = w**3 - 22*w**2 - w + 23. Let u be n(x). Let p(z) = -z**2 - 2*z + 1. What is p(u)?
-2
Let g(j) = -j**3 + 2*j**2 + 19*j - 4. Suppose 0 = 66*w - 965 + 1229. Give g(w).
16
Let m(z) = -3315*z**3 - 3320*z**3 + 6634*z**3 - z**2 + 1. Let k = -2 + 1. Give m(k).
1
Let w be 33/66*(-3 - -1). Let o(t) = -12*t**2 - 9*t - 7. Let n be o(w). Let d(m) = -m**2 - 9*m + 7. Give d(n).
-3
Let r(n) = -n**3 + 18*n**2 + 2*n - 8. Let y = -53 - -71. Let x be r(y). Let q = x - 27. Let w(p) = 4*p**3 - p. Determine w(q).
3
Let z(y) = -4*y - 15. Let b be z(-4). Let k be -6 - (2*(0 - b))/2. Let t(r) = r**3 + 5*r**2 - r - 5. What is t(k)?
0
Suppose -40*b = -37*b. Suppose 79 = 5*d + h, b = 8*d - 3*d - 3*h - 83. Let z(j) = -20 + 39 - d - j. Determine z(7).
-4
Let p(v) be the third derivative of -v**6/360 - v**5/40 + 5*v**4/24 + 32*v**3/3 - 107*v**2. Let s(a) be the first derivative of p(a). Determine s(-5).
-5
Let k(n) = -2*n - 11. Let l = 2118 + -2113. Calculate k(l).
-21
Let h be (1 + (-2)/(-6))*33/(-22). Let w(q) = q**2 + 3*q + 3. Give w(h).
1
Suppose w = 0, 2*w + 2 = u - 2*w. Let h(k) = 2621 - u*k - 2635 + k. What is h(-11)?
-3
Let f(v) be the first derivative of -5/3*v**3 - 1/4*v**4 + 3*v**2 + 7*v + 87. Give f(-6).
7
Let d(y) be the first derivative of -7*y**2/2 + 183*y + 10988. Determine d(25).
8
Let d(q) be the third derivative of q**7/840 - q**6/180 + q**5/40 - q**4/6 - 11*q**3/6 + 3*q**2 - 19*q. Let m(i) be the first derivative of d(i). What is m(3)?
14
Let z(g) be the third derivative of 5*g**4/6 - 71*g**3/6 - 201*g**2 - 2*g + 5. Calculate z(4).
9
Let l(t) = 181*t - 8. Let z(r) = 271*r - 8. Let h(y) = 6*l(y) - 4*z(y). Calculate h(-9).
-34
Let n(x) be the first derivative of -x**4/12 - 19*x**3/3 + 2*x**2 - 3*x + 124. Let p(a) be the second derivative of n(a). What is p(-18)?
-2
Let x be (-32 + 582/18)*(0 + -27). Let h(n) = -n + 2 + 0*n - 6. What is h(x)?
5
Suppose -3*g + 22 = 10. Let h(t) = -t**3 - 2 - g*t**3 - 9*t - 4 + 4*t**3 - 8*t**2. Let c be (3/(-9)*-3)/((-10)/70). Give h(c).
8
Let o(k) = 105*k + 319. Let h be o(-3). Let c(l) = l**3 - 5*l**2 - 2*l + 21. Calculate c(h).
-3
Let o = 1611 + -1609. Let w(i) be the second derivative of -1/20*i**5 + 0 + 3/4*i**4 + 15*i - 4/3*i**3 + 5*i**o. Determine w(8).
10
Let h = 463 - 386. Suppose -31 = -18*c + h. Let m(q) = q**3 - 6*q**2 - q + 7. Calculate m(c).
1
Let k(t) = 4*t**3 - 9*t**2 - 44*t + 3. Let y(n) = n**3 - n**2 - 11*n + 1. Let a(v) = k(v) - 5*y(v). What is a(-6)?
4
Let t(b) = -b - 10. Let m(h) = 7*h**2 - h - 2. Let i be m(-4). Suppose -52*g = -90*g - i. Give t(g).
-7
Suppose 0 = -2*n - 5*y + 20, n - 19 = 7*y - 5*y. Suppose -5*o + 8*o - n = 0. Let c(k) = 10*k**2 - 9*k**2 + 3 + 3*k - 9*k. What is c(o)?
-2
Let l(v) = -v**2 + 1367*v - 4*v**2 + 43 + v**2 + 